isor of t and k.
3
Let x = 172 + -124. Calculate the greatest common factor of 18 and x.
6
Suppose -5*a = 3 + 137. Let i = a + 43. Calculate the highest common factor of i and 135.
15
Suppose -21*q + 18*q = 2*c - 263, 4*c + 5*q = 525. Calculate the highest common factor of c and 78.
26
Let l(v) = v**3 + 13*v**2 + 7*v + 17. Let m be l(-12). Calculate the greatest common factor of m and 33.
11
Let s be (-306)/(-30) - (-1)/(-5). Let m be (1/2)/(s/320). Suppose -3*p + 128 = -p. Calculate the highest common factor of p and m.
16
Let t = 30 - 22. Let b(j) = -j**2 - 4*j - 3. Let d be b(-3). Let q be d*4/t + 2. Calculate the greatest common factor of 3 and q.
1
Let h(f) = -f**2 - 21*f + 108. Let q be h(-25). What is the greatest common factor of 88 and q?
8
Let r = -6 + 10. Suppose -2*i - r = -6. Let s = -856 + 867. What is the greatest common divisor of s and i?
1
Let u be -6 + (-5 - -5) + 41. What is the highest common factor of u and 42?
7
Let t = 60 - 258. Let z = 342 + t. What is the highest common factor of 36 and z?
36
Let m(v) = v**2 + 8*v - 452. Let w be m(26). Calculate the greatest common divisor of w and 972.
108
Let a be ((-7 - -3) + 4)/(-1). Let m be -2 + a + 3/((-3)/(-107)). Calculate the greatest common divisor of m and 42.
21
Let b = 28 - -13. Let v = b - 19. Calculate the highest common divisor of 176 and v.
22
Let v be (-3 - -21)/6*4/3. Let b = 28 - v. What is the highest common factor of b and 24?
24
Let l be (2/(-4))/((-5)/10). Let v be (2 + -1)*(23 - l). Suppose 0 = -4*y + 2*h, 2*h - 16 = 2*y - 6*y. What is the highest common divisor of y and v?
2
Let l(c) = -52*c - 84. Let k be l(-12). Calculate the greatest common divisor of 20 and k.
20
Let p(m) be the first derivative of -m**4 + m**3/3 + 2*m**2 + 5*m - 6. Let o be p(-2). What is the highest common factor of 264 and o?
33
Suppose 4*q = -9*v + 6*v + 199, -4*v = 2*q - 92. Calculate the greatest common factor of q and 13.
13
Let r = -1367 + 1472. What is the greatest common divisor of 273 and r?
21
Suppose 13*u = 94 - 16. Calculate the greatest common factor of 366 and u.
6
Suppose 12*b + 13*b - 2375 = 0. Let p(i) = i**3 + i + 63. Let y be p(0). Let a = y - 25. What is the highest common factor of b and a?
19
Suppose -10*x - 120 = -16*x. Calculate the greatest common divisor of 15 and x.
5
Let y(n) = n**3 - 5*n**2 - n + 2. Let x be y(6). Let m be 3*(-50)/(-5) + -3. Let v = m + -11. What is the highest common divisor of x and v?
16
Suppose -1 = -5*j - k - k, -3*k - 6 = 0. Let l = 74 + j. Let o(v) = -3*v**3 - 2*v**2 - 1. Let m be o(-2). What is the greatest common factor of l and m?
15
Let r be 28*(2 + (-15)/10). Let x(b) = -b**2 - 5*b + 4. Let o be x(-5). Let f = o + -2. Calculate the greatest common factor of f and r.
2
Let k be 6 - 19/((-152)/4440). What is the highest common divisor of 102 and k?
51
Let f(x) = 6*x**2 + 6*x + 6. Let m(s) = -s**2. Let g(c) = f(c) + 4*m(c). Let j be g(-2). What is the highest common factor of 8 and j?
2
Suppose -2*s - g - 644 = -4*g, -4*g = -3*s - 964. Let v = s - -491. Suppose 4*t = -0*t + 280. What is the greatest common divisor of t and v?
35
Suppose 41*j - 324 = -78. What is the highest common factor of 654 and j?
6
Suppose 301 = r + 5*o + 201, -4*o = -2*r + 242. What is the highest common divisor of r and 4?
1
Let a(p) = -353*p - 1. Let j be a(-1). Suppose 0*u + 4*u = j. Let b(s) = -s**2 - 8*s - 4. Let c be b(-3). What is the highest common divisor of c and u?
11
Let j(n) = -70*n + 34. Let k be j(-1). Calculate the greatest common divisor of 676 and k.
52
Let g = -910 + 916. What is the greatest common divisor of g and 106?
2
Suppose -3*s + 3 = -222. Calculate the highest common factor of s and 1425.
75
Let b be 6/(-21) - (-130)/14. Suppose -4*q = 7*q - 198. Calculate the highest common divisor of q and b.
9
Let f be ((-14)/(-4) - 2)*(-96)/(-9). Suppose 5*s - f - 19 = 0. What is the highest common divisor of s and 21?
7
Let u(z) = z**3 - 18*z**2 + 19*z - 27. Let q be u(17). Let w be (0 - -5) + -1 - -24. Calculate the greatest common factor of w and q.
7
Let d(k) = -1 - 1 - 10*k - 7 - k**2 - 4. Let b be d(-7). Let a be -1 + 0 + 0 - -33. Calculate the greatest common factor of b and a.
8
Let t = -555 + 590. Calculate the greatest common divisor of t and 1715.
35
Let h = 307 + -214. What is the highest common factor of 3 and h?
3
Let s(h) = 7*h + 1. Let n be s(6). Calculate the greatest common divisor of 473 and n.
43
Suppose -2*y = 6, 3*n + 0*y + y = 21. Suppose n*c - 182 = c. Calculate the highest common divisor of 26 and c.
26
Suppose -x + 15 = -21. Let m = 27 + x. Suppose 0*f - l + 26 = 3*f, 0 = -4*f + l + 23. Calculate the highest common divisor of m and f.
7
Suppose -7*b - 8*b + 660 = 0. Suppose -236 = -2*i + b. What is the greatest common factor of 35 and i?
35
Let b = -79 - -38. Let s = -356 - -502. Let v = s + b. What is the greatest common factor of v and 15?
15
Suppose -6*k + 171 = 3. Calculate the highest common factor of 20 and k.
4
Suppose -z + 7 = b, b + 19 = 4*z + 51. Let u = -30 + 66. Let s = 60 - u. Calculate the highest common divisor of b and s.
12
Suppose 0 = -3*p - 12, 7*p = 2*z + 2*p + 408. Let c = 304 + z. Calculate the highest common divisor of 225 and c.
45
Let y be (-5)/(-1*(-3)/(-3)). Let z(t) = -t**2 + 6*t + 4. Let x be z(y). Let f = 1 + x. Calculate the greatest common factor of f and 80.
10
Suppose 2*y - 70 = 2*c, -184*y - 2*c + 125 = -181*y. Calculate the highest common factor of y and 130.
13
Let l = -23 - -28. Suppose -5*i + l*v = -335, -2*i + 3*i = -v + 71. Let g = i - 43. What is the highest common factor of 39 and g?
13
Let q(x) = -15*x**2 + 0 - 2*x**2 + 1 + 543*x**3 - 544*x**3. Let y = -52 + 35. Let d be q(y). Calculate the highest common factor of d and 9.
1
Suppose -8*m + 6*m + 8 = 0. Suppose -2*w + 46 = n, -2*n - 3*n = -m*w - 188. Let l = -9 + 19. Calculate the greatest common factor of n and l.
10
Let q be (0 + -1)/(-2 - -3). Let r(k) = -14*k - 2. Let h be r(q). Calculate the greatest common divisor of h and 20.
4
Let m(q) = 154*q + 25. Let r be m(6). Calculate the greatest common divisor of 13 and r.
13
Suppose 7*b + 7*b + 0*b = 0. Let m(g) = g**2 - g + 40. Let t be m(b). What is the highest common factor of 60 and t?
20
Let x = -325 - -339. What is the greatest common factor of x and 154?
14
Let z = -686 + 2613. Let o be 4/(-22) + z/11. Let l = -35 - -60. Calculate the highest common divisor of o and l.
25
Suppose -5*z = 3*s + 62, 0 = -6*z + z - 4*s - 61. Let m = 15 + z. Calculate the highest common factor of 3 and m.
1
Suppose -m = -6*m + 5*v + 495, 3*m - 2*v = 302. What is the greatest common factor of 39 and m?
13
Suppose -12 = -5*x + 2*x. Suppose -16 = x*t - 4*z - 368, 3*z - 408 = -5*t. Let r be (t/9)/((-4)/(-6)). Calculate the highest common factor of 42 and r.
14
Suppose 0 = -46*q + 40*q + 312. What is the highest common factor of q and 416?
52
Let c be 0 + -2 + 3 + 8. Let j be (-3 + 1)/((-3)/c). Let t(u) = 3*u - 5. Let h be t(j). What is the greatest common factor of 117 and h?
13
Let z(r) = 2*r + 6 + 3 - 10*r. Let k be z(-10). Let s = k - 57. Calculate the highest common divisor of s and 160.
32
Let q(i) = -2*i**2 - 42*i - 21. Let o be q(-17). Calculate the greatest common factor of o and 23.
23
Suppose 8 = 4*h - 4*d, 5*h + 29*d - 26 = 30*d. Suppose 4*u - 5 = 5*u, 0 = i - 4*u - 35. What is the greatest common divisor of h and i?
3
Suppose 0 = -36*z + 29*z + 966. What is the highest common divisor of 18 and z?
6
Let v = 50 + -124. Let h = -29 - v. What is the highest common factor of 180 and h?
45
Let c = 41 - 9. Let y = 37 - c. Suppose y*s + h = 544, 4*s = -h + 499 - 63. Calculate the greatest common factor of 12 and s.
12
Let z = 11 - -21. Let r = 100 - z. Let d = 652 - 618. What is the greatest common factor of r and d?
34
Let a(l) = 13*l - 1. Let u be (-6)/(-33) + 62/22. Let w be 38/6 - u/9. Let x be a(w). Calculate the greatest common factor of x and 11.
11
Suppose 20 = 2*p + 30, -a - 2*p + 92 = 0. What is the highest common factor of a and 374?
34
Suppose 0 = -5*o + 18*o - 845. What is the greatest common factor of 117 and o?
13
Let q = 21 - -39. Let l be (-11)/(22/(-24)) + 12. Calculate the greatest common factor of l and q.
12
Let t(l) = l - 1. Suppose -2 = 4*p - 22. Let j be t(p). 